5?
4
What is the tens digit of 30274?
7
What is the units digit of 87?
7
What is the units digit of 20953?
3
What is the units digit of 35542?
2
What is the tens digit of 1644?
4
What is the hundreds digit of 6077?
0
What is the units digit of 144?
4
What is the hundreds digit of 135?
1
What is the tens digit of 43473?
7
What is the thousands digit of 6012?
6
What is the thousands digit of 4077?
4
What is the thousands digit of 27222?
7
What is the hundreds digit of 100192?
1
What is the units digit of 6549?
9
What is the hundreds digit of 1233?
2
What is the hundreds digit of 9583?
5
What is the hundreds digit of 30877?
8
What is the hundreds digit of 2416?
4
What is the tens digit of 72?
7
What is the tens digit of 1968?
6
What is the units digit of 765?
5
What is the units digit of 906?
6
What is the thousands digit of 62330?
2
What is the hundreds digit of 361?
3
What is the tens digit of 1771?
7
What is the tens digit of 1594?
9
What is the tens digit of 61?
6
What is the units digit of 26904?
4
What is the units digit of 2688?
8
What is the units digit of 39856?
6
What is the units digit of 2464?
4
What is the thousands digit of 5849?
5
What is the tens digit of 44465?
6
What is the tens digit of 162?
6
What is the ten thousands digit of 21138?
2
What is the hundreds digit of 226?
2
What is the hundred thousands digit of 176724?
1
What is the units digit of 1192?
2
What is the units digit of 16738?
8
What is the tens digit of 179?
7
What is the tens digit of 75?
7
What is the tens digit of 541?
4
What is the units digit of 33107?
7
What is the thousands digit of 75419?
5
What is the units digit of 20391?
1
What is the ten thousands digit of 40329?
4
What is the units digit of 5270?
0
What is the units digit of 345?
5
What is the tens digit of 2463?
6
What is the thousands digit of 81879?
1
What is the tens digit of 734?
3
What is the tens digit of 964?
6
What is the hundreds digit of 18194?
1
What is the tens digit of 3278?
7
What is the hundreds digit of 658?
6
What is the units digit of 3646?
6
What is the units digit of 33147?
7
What is the hundreds digit of 29148?
1
What is the tens digit of 56657?
5
What is the hundreds digit of 204?
2
What is the hundreds digit of 1284?
2
What is the thousands digit of 1645?
1
What is the thousands digit of 1481?
1
What is the units digit of 8788?
8
What is the hundreds digit of 1751?
7
What is the units digit of 703?
3
What is the units digit of 16262?
2
What is the tens digit of 285?
8
What is the hundreds digit of 9177?
1
What is the hundreds digit of 2391?
3
What is the hundreds digit of 2917?
9
What is the thousands digit of 2840?
2
What is the tens digit of 6479?
7
What is the tens digit of 1630?
3
What is the tens digit of 24201?
0
What is the tens digit of 50?
5
What is the units digit of 5263?
3
What is the tens digit of 814?
1
What is the thousands digit of 5928?
5
What is the tens digit of 15462?
6
What is the thousands digit of 125626?
5
What is the units digit of 57012?
2
What is the tens digit of 4630?
3
What is the hundreds digit of 8973?
9
What is the tens digit of 42911?
1
What is the tens digit of 2361?
6
What is the units digit of 7739?
9
What is the thousands digit of 47597?
7
What is the units digit of 12528?
8
What is the hundreds digit of 2590?
5
What is the hundreds digit of 1601?
6
What is the hundreds digit of 1408?
4
What is the hundreds digit of 2024?
0
What is the thousands digit of 10460?
0
What is the hundreds digit of 36621?
6
What is the hundreds digit of 10771?
7
What is the ten thousands digit of 12637?
1
What is the tens digit of 10944?
4
What is the tens digit of 673?
7
What is the tens digit of 13382?
8
What is the units digit of 2084?
4
What is the hundreds digit of 29805?
8
What is the units digit of 11856?
6
What is the thousands digit of 2423?
2
What is the hundreds digit of 3980?
9
What is the units digit of 2529?
9
What is the units digit of 8859?
9
What is the units digit of 33146?
6
What is the units digit of 15778?
8
What is the units digit of 6451?
1
What is the units digit of 61166?
6
What is the hundreds digit of 5706?
7
What is the units digit of 2020?
0
What is the hundreds digit of 1690?
6
What is the hundreds digit of 2908?
9
What is the thousands digit of 1136?
1
What is the units digit of 26300?
0
What is the hundreds digit of 1048?
0
What is the hundreds digit of 905?
9
What is the hundreds digit of 545?
5
What is the units digit of 22943?
3
What is the tens digit of 5982?
8
What is the hundreds digit of 699?
6
What is the thousands digit of 75915?
5
What is the units digit of 5391?
1
What is the units digit of 2570?
0
What is the units digit of 2976?
6
What is the hundreds digit of 3694?
6
What is the tens digit of 1625?
2
What is the hundreds digit of 811?
8
What is the thousands digit of 1485?
1
What is the tens digit of 18439?
3
What is the hundreds digit of 36551?
5
What is the tens digit of 58593?
9
What is the units digit of 56242?
2
What is the units digit of 1146?
6
What is the units digit of 5408?
8
What is the tens digit of 12335?
3
What is the units digit of 1990?
0
What is the thousands digit of 13361?
3
What is the tens digit of 1992?
9
What is the hundreds digit of 222?
2
What is the units digit of 71624?
4
What is the tens digit of 35126?
2
What is the thousands digit of 4592?
4
What is the tens digit of 676?
7
What is the hundreds digit of 1793?
7
What is the units digit of 1035?
5
What is the units digit of 639?
9
What is the thousands digit of 8696?
8
What is the tens digit of 666?
6
What is the tens digit of 6424?
2
What is the thousands digit of 24776?
4
What is the units digit of 1785?
5
What is the hundreds digit of 14350?
3
What is the hundreds digit of 4986?
9
What is the units digit of 16536?
6
What is the units digit of 1714?
4
What is the units digit of 696?
6
What is the thousands digit of 8544?
8
What is the thousands digit of 5355?
5
What is the units digit of 11184?
4
What is the tens digit of 4149?
4
What is the hundreds digit of 8745?
7
What is the tens digit of 619?
1
What is the tens digit of 9724?
2
What is the hundreds digit of 11428?
4
What is the hundreds digit of 4701?
7
What is the thousands digit of 4918?
4
What is the thousands digit of 1660?
1
What is the thousands digit of 7767?
7
What is the ten thousands digit of 76600?
7
What is the tens digit of 98845?
4
What is the units digit of 38374?
4
What is the hundreds digit of 136868?
8
What is the hundreds digit of 10806?
8
What is the thousands digit of 7930?
7
What is the tens digit of 1346?
4
What is the units digit of 1035?
5
What is the thousands digit of 18236?
8
What is the tens digit of 102223?
2
What is the units digit of 248?
8
What is the units digit of 92547?
7
What is the units digit of 281?
1
What is the hundreds digit of 4789?
7
What is the units digit of 1796?
6
What is the tens digit of 43124?
2
What is the hundreds digit of 1675?
6
What is the ten thousands digit of 40828?
4
What is the units digit of 3756?
6
What is the hundreds digit of 10135?
1
What is the hundreds digit of 83921?
9
What is the units digit of 240?
0
What is the thousands digit of 33987?
3
What is the units digit of 1468?
8
What is the ten thousands digit of 150475?
5
What is the hundreds digit of 4515?
5
What is the ten thousands digit of 47416?
4
What is the hundreds digit of 4486?
4
What is the thousands digit of 1391?
1
What is the tens digit of 2177?
7
What is the tens digit of 5429?
2
What is the units digit of 4349?
9
What is the hundreds digit of 11573?
5
What is the thousands digit of 45282?
5
What is the hundreds digit of 38670?
6
What is the thousands digit of 2918?
2
What is the tens digit of 2777?
7
What is the units digit of 877?
7
What is the tens digit of 1189?
8
What is the tens digit of 37540?
4
What is the hundreds digit of 40343?
3
What is the units digit of 22617?
7
What is the thousands digit of 1141?
1
What is the ten thousands digit of 13413?
1
What is the units digit of 1038?
8
What is the units digit of 2244?
4
What is the tens digit of 14093?
9
What is the hundreds digit of 8383?
3
What is the thousands digit of 1268?
1
What is the hundreds digit of 27997?
9
What is the units digit of 44073?
3
What is the units digit of 2482?
2
What